2. Let m(w) = 2*c(w) - u(w). What is m(s)?
11
Let h = 426 + -376. Let q be 5/h*-8*15/(-6). Let f(x) = x + 6. Determine f(q).
8
Let j(h) = -h**2 - 13*h - 4. Suppose 1126*l - 107 = 1152*l - 3. Determine j(l).
32
Let r(l) = 85*l**2 + 3*l - 23. Let j(m) = 29*m**2 + m - 8. Let w(z) = -17*j(z) + 6*r(z). Let y be w(1). Let t(o) = -o + 17. Give t(y).
1
Let d(o) = -o**2 + 4*o - 2. Let n = 37 + -37. Suppose n = -3*j - j + 20. Suppose -3*b - 3*c = c - 31, -j*b + 2*c + 17 = 0. What is d(b)?
-7
Let h(b) be the third derivative of b**4/24 + 10*b**3/3 + 1111*b**2 + 5. Suppose 3*c = -0*c - 42. Give h(c).
6
Let m(d) = -d**2 + 7*d + 10. Let c(y) = -y**2 + 7*y + 11. Let u(g) = -6*c(g) + 7*m(g). Suppose 0 = -49*o - 13*o + 17*o + 315. Determine u(o).
4
Let r be (6/(-4))/((-2)/(-4)). Let y = -10 - r. Let o(m) = -3*m**3 - 3*m + 2. Let w(x) = 5*x**3 + 7*x - 5. Let z(i) = y*o(i) - 3*w(i). Calculate z(1).
7
Let v be (-273)/(-49) + -4 - (-6)/14. Suppose 2*w + 4*t - 26 = 6*t, -v*t = -5*w + 74. Let c(z) = -5 + z - z**2 - 8 + w. Determine c(4).
-9
Let p(j) = -3*j**2 + 10*j + 11. Suppose 0 = -141*h + 198*h - 285. What is p(h)?
-14
Let b(s) = s**2 - 9*s + 7. Let c(d) = 27*d + 3 + 92*d**3 - 5*d**2 - 93*d**3 + 3 - d**2. Let u be c(-9). Calculate b(u).
-11
Let v(j) = -39 + 13*j - 26*j**3 + 57 + 25*j**3 - 12*j**2 + 15*j. Give v(-14).
18
Let u(i) = -i**2 - 17*i + 55. Suppose 3*t = -r - 56, 15*t + 5*r - 40 = 16*t. Let p be u(t). Let z(x) = 2*x + x + x + x + 6. What is z(p)?
-19
Let z(d) = 4*d**2 + 2*d**2 + 8*d**2 - d**3 - 57006*d + 57033*d + 38. Calculate z(16).
-42
Suppose 4*u - 54 = -14*u. Let s(i) = -i**u + 1 + 5*i + 7*i - 9*i - 4 + 1 - 5*i**2. Calculate s(-5).
-17
Suppose 0 = 2*w + 9 + 1. Let r(a) = -18*a + a**2 + 55*a - 3 - 1 - 18*a - 15*a. Give r(w).
1
Suppose 2*u - 5*n - 18 = 0, -3*u + 18 = 4*n - 9. Let y(d) = -11 + u*d - d**2 - 7*d + 8*d + 2. Let a be (-43 + -5)*(-14)/84. What is y(a)?
7
Suppose -3*s - p = -29, p + 28 = 3*s + 3*p. Let n be (s - 13)/(0 - -1). Let a(i) = -i**3 - 3*i**2 - 3. Give a(n).
-3
Let f(z) = -119*z + 4 - 120*z + 350*z - 115*z. Determine f(5).
-16
Let p(t) = 42*t - 83. Let y(s) = 10*s - 2. Let b(u) = -p(u) + 5*y(u). Determine b(-10).
-7
Let l(a) = a**2 - 7. Let w(o) = 4*o**2 + 4*o - 68. Let s(z) = 3*l(z) - w(z). What is s(-11)?
-30
Let g(m) = 57231*m**2 + 4 + 31*m - 57232*m**2 + 23. Calculate g(32).
-5
Let l(u) = -u - 5. Let p = -192 - -205. Suppose -3*n - 4*k - 20 = 0, 0*n = -2*n - 3*k - p. Calculate l(n).
3
Let n(g) = g**3 - 14*g**2 - g + 6. Suppose -5*i - 10 = d - 49, -5*i = 4*d - 81. Give n(d).
-8
Let y = 7 + 6. Let n(j) be the third derivative of j**6/120 - j**5/5 - 13*j**4/24 + 2*j**3 + 83*j**2. Determine n(y).
12
Let q(j) = 3*j - 17. Let c(o) = -4 - 993*o + 1981*o + 18 - 989*o. Let i(s) = -7*c(s) - 6*q(s). Give i(4).
-40
Let a be ((-5)/((-25)/6))/(2/10). Let j(f) = f**3 + 22*f**2 + 8*f - 6. Let d(g) = 2*g**3 + 47*g**2 + 17*g - 13. Let k(y) = a*d(y) - 13*j(y). What is k(-3)?
-3
Let r(o) be the second derivative of -o**4/4 + 3*o**3 - 8*o**2 + 4650*o. Give r(7).
-37
Let c be (9 - (-56)/(-8))/(5 - 22/4). Let d(u) = -u**3 - 4*u**2 - 3*u - 18. Calculate d(c).
-6
Let d(a) = -3*a**2 + 2*a - 4. Let b(y) be the second derivative of -2*y**3/3 - 21*y**2 - 287*y. Let o be b(-11). What is d(o)?
-12
Let z(u) be the second derivative of -u**5/20 + u**4/4 + u**3/6 + 5*u**2/2 + 8*u. Suppose -44 = -2*x + 54. Let j = x - 45. What is z(j)?
-7
Let w(s) = -s**3 - 20*s**2 + s - 26. Let o be w(-20). Let x = o + 48. Let h(v) = v**2 - 4*v + 1. Let k(u) = u. Let p(m) = x*k(m) + h(m). Calculate p(2).
1
Let d(f) be the third derivative of -11/24*f**4 - 1/120*f**6 + 0*f - 1/5*f**5 + 91*f**2 - 11/6*f**3 + 0. What is d(-11)?
-11
Let g(o) = 11*o**2 + 32*o + 113. Let j(i) = 52*i**2 + 164*i + 565. Let f(p) = -14*g(p) + 3*j(p). Give f(-19).
-1
Suppose -8 - 7 = 5*i. Let w(q) = 13*q**2 + 34*q - 13. Let b(r) = -8*r + 7 - 2*r**2 - r**2 + 4 - 8. Let h(m) = 9*b(m) + 2*w(m). Give h(i).
4
Suppose 6*w - 7*w - 7 = 0. Let j(y) be the first derivative of -y**4/4 - 2*y**3 + 7*y**2/2 + 6*y - 1257. What is j(w)?
6
Let j(k) = -k - 7. Suppose 0*s - 185 = -2*z + 5*s, 4*s = z - 94. Suppose 0 = -34*o + 4*o - z. What is j(o)?
-4
Let k(w) = -19*w + 380. Suppose 3*b + 38 - 118 = 5*q, 60 = 2*b - 5*q. Calculate k(b).
0
Let b(x) = 10*x - 41. Let z = 2561 + -2558. Give b(z).
-11
Let k(q) = -4*q - 2. Let n(z) = 5*z + 5. Let f(c) = -4*k(c) - 3*n(c). Suppose -4*j + w - 11 = -0*j, 5*w = -25. Let b be (-102)/(-18) + j/6. Calculate f(b).
-2
Suppose 87*o - 141*o = 201*o - 510. Let p(q) = -15*q**3 - 5*q**2 + 7*q - 4. Determine p(o).
-130
Let n(y) = -44*y + 70*y - 76 - 19*y - 15*y. Give n(-10).
4
Let l(i) = -i**3 - 6*i**2 - i. Let k(c) = c + 1. Let z be k(14). Let f be 34/3 + (-10)/(-15). Let v be (f/z)/(4/(-30)). Calculate l(v).
6
Let q(y) = 2*y**3 - 15*y**2 + 14*y - 185. Let p be q(8). Let t(n) = -5*n - 41. Give t(p).
4
Let u(d) = -25*d**2 + 17*d + 22. Let v(c) = -22*c**2 + 17*c + 20. Let x(w) = 8*u(w) - 9*v(w). What is x(-9)?
-13
Let l be -2*(1 + -2) + -8. Suppose -k + 3 = -0*f + 4*f, 2*f = k + 9. Let p(r) = 0 - f*r + 3 - 2 - 5. What is p(l)?
8
Let j(d) be the first derivative of d**4/4 - 5*d**3 + 13*d**2/2 + 8*d - 258. Let z = -171 + 185. Give j(z).
-6
Let m = 26 - 22. Let y(t) be the second derivative of -t**2 + 0 + 2/3*t**3 + 28*t. Calculate y(m).
14
Let d(b) = -10*b - 55 - 16*b + 52 + 2. Determine d(-1).
25
Let r(x) = -3*x**2 + 7*x - 7. Let o(p) = p**2 - 3*p + 3. Let g(s) = -5*o(s) - 2*r(s). Let w = 119863 - 119863. What is g(w)?
-1
Let i(t) be the first derivative of 120 - t + 9/2*t**2. Calculate i(1).
8
Let n be 4/10*-3*((-5)/(-15) - -3). Let c(x) = -x**3 - 3*x**2 - 3*x - 13. Give c(n).
15
Let h = 98 + -94. Suppose h*b + 2*n = 84, -39 - 29 = -3*b - 4*n. Suppose 23*q - 19*q - b = 0. Let v(r) = r**3 - 6*r**2 + 4*r + 6. Give v(q).
1
Suppose -9*a + 7*a + 6 = 0. Let t(h) = 10 + 4*h + 9 - a*h - 22. Calculate t(3).
0
Let x(g) = g**3 + 4*g**2 + 4*g. Suppose 5*c + 158 = 3*u - 0*c, 5*u - 2*c = 257. Let l be (-21)/5 - u/(-255). What is x(l)?
-16
Let x(m) = m**3 - 8*m**2 - 3. Let f be (6/(-4))/(7/112). Let j be (-72)/(5 - 2)*f/18. Suppose -13*a + 17*a - j = 0. Calculate x(a).
-3
Let i(q) be the first derivative of q**4/4 + 7*q**3/3 - 2*q**2 - 12*q - 2144. Determine i(-7).
16
Suppose 3*k = 10*k - 427. Let h be k/9 - 1 - (-2)/9. Let s be 2/(-3)*(-27)/h. Let o(c) = -c**2 + 3*c - 1. Determine o(s).
-1
Let c(u) = -21*u**2 - 821*u - 86. Let v be c(-39). Let y(o) = o**3 + 9*o**2 + 9*o. Calculate y(v).
-8
Let u(a) = 5*a**3 - 126*a**2 + 26*a - 25. Suppose 63*s - 77*s + 96 + 254 = 0. Give u(s).
0
Suppose 203*q = 199*q + 52. Let f(z) = -48*z - q - 1 + 1 + 0 + 50*z. Give f(11).
9
Let d be 3/(9/10)*180/100 + -8. Let s(k) = 13*k + 13. Determine s(d).
-13
Suppose -v + 0*v + 6 = l, -5*v + 4*l = -39. Let r(i) = -v*i - 2 + 0*i + 8*i. Suppose -3*u - 14 - 4 = 0. Calculate r(u).
-8
Suppose 4*l - 1047 = -3*v, -2*l - 195 - 489 = -2*v. Let i = -347 + v. Let s(k) = 5*k + 6. Give s(i).
-4
Let n = -125 - -126. Suppose n = z, -4*g + 8*z - 3*z = -7. Let y(j) = j**3 - j**2 + 3. What is y(g)?
21
Let m(a) = -a**3 + 6*a**2 - 2*a - 2. Suppose -k + 6 = -3*w - 4, -k = w - 10. Let v(x) = -10*x - x**3 - 10 + 5*x**2 - k*x + 19*x. Let p be v(3). Give m(p).
13
Let p(h) = -h**3 - 45*h**2 + 48*h + 100. Let q be p(-46). Let z(d) = -d**3 + 7*d**2 + 5*d - 13. Determine z(q).
-37
Let g be ((-18)/45)/(2/(-10)). Let o(h) be the first derivative of 3*h**g - 5*h + 17 + 22*h - 6*h - 10*h. Calculate o(-3).
-17
Let u(l) = l**2 + 14*l + 37. Let o be (0 - 4/(-66)) + 21203/(-3003). Calculate u(o).
-12
Let q(u) = 2*u**3 - 27*u**2 + 16*u + 78. Let z(y) = -5*y**3 + 67*y**2 - 41*y - 194. Let m(g) = 12*q(g) + 5*z(g). What is m(9)?
11
Let a(s) = 17*s**2 + 10*s - 7*s + 15*s**2 - 33*s**2 + 12. Suppose -c + 4 = i, -3*i - 9*c + 20 = -10*c. What is a(i)?
-6
Suppose -8*v = -4*i + 108, 5*i + 2*v = 5*v + 72. Let g(u) = u**3 - 5*u**2 - 39*u + 31. Give g(i).
4
Suppose 21*u - 1186 + 916 = -9*u. Let x(g) be the first derivative of g**3/6 - 3*g**2/2 + 2*g + 2. Let d(l) be the first derivative of x(l). Calculate d(u).
6
Let t(w) = w**3 + 2*w**2 + 9*w - 59. Let g(p) = -3*p**3 - 4*p**2 - 26*p + 175. Let m(y) = -6*g(y) - 17*t(y). Give m(10).
-17
Let l be (-9 - (11 - 22)) + -2. Let b(u) = -u**3